{"id":210,"date":"2024-03-21T13:56:18","date_gmt":"2024-03-21T12:56:18","guid":{"rendered":"https:\/\/www.autolog-projekt.de\/?page_id=210"},"modified":"2024-04-18T12:35:30","modified_gmt":"2024-04-18T10:35:30","slug":"partner","status":"publish","type":"page","link":"https:\/\/www.autolog-projekt.de\/index.php\/partner\/","title":{"rendered":"Partner"},"content":{"rendered":"\n<div class=\"wp-block-columns is-layout-flex wp-container-core-columns-is-layout-ba9c4cd0 wp-block-columns-is-layout-flex\" style=\"padding-top:var(--wp--preset--spacing--10);padding-bottom:var(--wp--preset--spacing--10)\">\n<div class=\"wp-block-column is-layout-flow wp-block-column-is-layout-flow\" style=\"flex-basis:25%\">\n<figure class=\"wp-block-image size-large\"><img loading=\"lazy\" decoding=\"async\" width=\"1024\" height=\"219\" src=\"https:\/\/www.autolog-projekt.de\/wp-content\/uploads\/2024\/03\/VWAG_Konzernlogistik_CO_M-1024x219.png\" alt=\"\" class=\"wp-image-140\" srcset=\"https:\/\/www.autolog-projekt.de\/wp-content\/uploads\/2024\/03\/VWAG_Konzernlogistik_CO_M-1024x219.png 1024w, https:\/\/www.autolog-projekt.de\/wp-content\/uploads\/2024\/03\/VWAG_Konzernlogistik_CO_M-300x64.png 300w, https:\/\/www.autolog-projekt.de\/wp-content\/uploads\/2024\/03\/VWAG_Konzernlogistik_CO_M-768x164.png 768w, https:\/\/www.autolog-projekt.de\/wp-content\/uploads\/2024\/03\/VWAG_Konzernlogistik_CO_M-1536x328.png 1536w, https:\/\/www.autolog-projekt.de\/wp-content\/uploads\/2024\/03\/VWAG_Konzernlogistik_CO_M.png 2004w\" sizes=\"auto, (max-width: 1024px) 100vw, 1024px\" \/><\/figure>\n<\/div>\n\n\n\n<div class=\"wp-block-column is-layout-flow wp-block-column-is-layout-flow\">\n<p class=\"has-large-font-size\">Volkswagen Konzernlogistik GmbH &amp; Co. OHG<\/p>\n\n\n\n<p class=\"has-small-font-size\">Die Logistik des Volkswagen Konzerns steuert ein Netzwerk von zehn starken, eigenst\u00e4ndigen Kernmarken, 114 Produktionsst\u00e4tten und mehr als 300 Modelle \u2013 von verbrauchsg\u00fcnstigen Kleinwagen und effizienten Elektro-Automobilen bis hin zu Fahrzeugen der Luxusklasse. Im Bereich der Nutzfahrzeuge umfasst die Palette sowohl Pick-up-Fahrzeuge als auch Busse und schwere Lastkraftwagen.\u00a0Die Volkswagen Konzernlogistik \u00fcbt zum einen eine Governance-Funktion f\u00fcr die Logistik im Volkswagen Konzern aus (strategische und synergieorientierte Zusammenarbeit). Zum anderen ist sie als Gesellschaft \u2013 Volkswagen Konzernlogistik GmbH &amp; Co. OHG \u2013 verantwortlich f\u00fcr die Hebung von markenweiten Synergien durch Gestaltung und Bereitstellung von Logistikstrukturen und -prozessen f\u00fcr die Material- und Fahrzeuglogistik sowie f\u00fcr die Beschaffung logistischer Umf\u00e4nge.<\/p>\n<\/div>\n<\/div>\n\n\n\n<div class=\"wp-block-columns is-layout-flex wp-container-core-columns-is-layout-ba9c4cd0 wp-block-columns-is-layout-flex\" style=\"padding-top:var(--wp--preset--spacing--10);padding-bottom:var(--wp--preset--spacing--10)\">\n<div class=\"wp-block-column is-layout-flow wp-block-column-is-layout-flow\" style=\"flex-basis:25%\">\n<figure class=\"wp-block-image size-large\"><img loading=\"lazy\" decoding=\"async\" width=\"1024\" height=\"355\" src=\"https:\/\/www.autolog-projekt.de\/wp-content\/uploads\/2024\/03\/BIBA_Logo_mit_Schrift-1024x355.png\" alt=\"\" class=\"wp-image-130\" srcset=\"https:\/\/www.autolog-projekt.de\/wp-content\/uploads\/2024\/03\/BIBA_Logo_mit_Schrift-1024x355.png 1024w, https:\/\/www.autolog-projekt.de\/wp-content\/uploads\/2024\/03\/BIBA_Logo_mit_Schrift-300x104.png 300w, https:\/\/www.autolog-projekt.de\/wp-content\/uploads\/2024\/03\/BIBA_Logo_mit_Schrift-768x267.png 768w, https:\/\/www.autolog-projekt.de\/wp-content\/uploads\/2024\/03\/BIBA_Logo_mit_Schrift.png 1311w\" sizes=\"auto, (max-width: 1024px) 100vw, 1024px\" \/><\/figure>\n<\/div>\n\n\n\n<div class=\"wp-block-column is-layout-flow wp-block-column-is-layout-flow\">\n<p class=\"has-large-font-size\">BIBA \u2013 Bremer Institut f\u00fcr Produktion und Logistik GmbH<\/p>\n\n\n\n<p class=\"has-small-font-size\">Das&nbsp;<em>BIBA \u2013 Bremer Institut f\u00fcr Produktion und Logistik GmbH<\/em>&nbsp;ist ein ingenieurwissenschaftliches Forschungsinstitut. Im Juli 1981 wurde es als An-Institut der Universit\u00e4t Bremen gegr\u00fcndet und z\u00e4hlt heute zu den gr\u00f6\u00dferen Forschungseinrichtungen im Land. Die Besch\u00e4ftigten stammen aus sehr unterschiedlichen Disziplinen, was die Basis bildet, um innovative technische und organisatorische L\u00f6sungen zu erforschen und zu entwickeln. Eine Kernkompetenz des BIBA ist die Entwicklung von innovativen Roboterl\u00f6sungen und deren Integration in logistische Prozesse. Ein weiterer Arbeitsschwerpunkt stellt die Entwicklung und Anwendung von Methoden und Algorithmen der k\u00fcnstlichen Intelligenz dar. Mit dem Computer Vision Lab (VisionLab) verf\u00fcgt das BIBA \u00fcber ein Dienstleistungszentrum zur Entwicklung und Erprobung innovativer Anwendungen von Bildverarbeitung und K\u00fcnstlicher Intelligenz (z.B. Deep Machine Learning) f\u00fcr Produktion und Logistik. Es unterst\u00fctzt den direkten Transfer von der Forschung in die Praxis und widmet sich unter anderem der 3D-Objekterkennung und der Mensch-Maschine-Interaktion.<\/p>\n<\/div>\n<\/div>\n\n\n\n<div class=\"wp-block-columns is-layout-flex wp-container-core-columns-is-layout-ba9c4cd0 wp-block-columns-is-layout-flex\" style=\"padding-top:var(--wp--preset--spacing--10);padding-bottom:var(--wp--preset--spacing--10)\">\n<div class=\"wp-block-column is-layout-flow wp-block-column-is-layout-flow\" style=\"flex-basis:25%\">\n<figure class=\"wp-block-image size-large\"><img loading=\"lazy\" decoding=\"async\" width=\"1024\" height=\"396\" src=\"https:\/\/www.autolog-projekt.de\/wp-content\/uploads\/2024\/03\/unikie-logo-PNG-1024x396.png\" alt=\"\" class=\"wp-image-245\" style=\"aspect-ratio:16\/9;object-fit:contain\" srcset=\"https:\/\/www.autolog-projekt.de\/wp-content\/uploads\/2024\/03\/unikie-logo-PNG-1024x396.png 1024w, https:\/\/www.autolog-projekt.de\/wp-content\/uploads\/2024\/03\/unikie-logo-PNG-300x116.png 300w, https:\/\/www.autolog-projekt.de\/wp-content\/uploads\/2024\/03\/unikie-logo-PNG-768x297.png 768w, https:\/\/www.autolog-projekt.de\/wp-content\/uploads\/2024\/03\/unikie-logo-PNG.png 1200w\" sizes=\"auto, (max-width: 1024px) 100vw, 1024px\" \/><\/figure>\n<\/div>\n\n\n\n<div class=\"wp-block-column is-layout-flow wp-block-column-is-layout-flow\">\n<p class=\"has-large-font-size\">Unikie<\/p>\n\n\n\n<p class=\"has-small-font-size\">Unikie ist ein finnisches, international aufgestelltes Software-Unternehmen mit Schwerpunkt auf technologisch anspruchsvollem, System- und Embedded-SW-Engineering, gepaart mit innovativen und intelligenten Technologie-L\u00f6sungen f\u00fcr den Bereich Maschinen, Fahrzeuge und Industrie, wie z.B. Automatisiertes Fahren auf Betriebsh\u00f6fe.<br>Unikie schafft spezifische, Kunden- und L\u00f6sungsorientierte Anwendungen f\u00fcr mehr Sicherheit, h\u00f6here Effizienz und kompetitive Leistung. Unikie hat es sich zur Aufgabe gemacht, seinen Kunden dabei zu helfen, in ihren Branchen f\u00fchrend zu werden und ihren Erfolg in der sich entwickelnden digitalen<br>Landschaft von morgen zu sichern.<\/p>\n<\/div>\n<\/div>\n\n\n\n<div class=\"wp-block-columns is-layout-flex wp-container-core-columns-is-layout-ba9c4cd0 wp-block-columns-is-layout-flex\" style=\"padding-top:var(--wp--preset--spacing--10);padding-bottom:var(--wp--preset--spacing--10)\">\n<div class=\"wp-block-column is-layout-flow wp-block-column-is-layout-flow\" style=\"flex-basis:25%\">\n<figure class=\"wp-block-image size-medium\"><img loading=\"lazy\" decoding=\"async\" width=\"252\" height=\"300\" src=\"https:\/\/www.autolog-projekt.de\/wp-content\/uploads\/2024\/03\/T_logoPNGT_logo_rgb_p-252x300.png\" alt=\"\" class=\"wp-image-139\" style=\"aspect-ratio:16\/9;object-fit:contain\" srcset=\"https:\/\/www.autolog-projekt.de\/wp-content\/uploads\/2024\/03\/T_logoPNGT_logo_rgb_p-252x300.png 252w, https:\/\/www.autolog-projekt.de\/wp-content\/uploads\/2024\/03\/T_logoPNGT_logo_rgb_p-768x914.png 768w, https:\/\/www.autolog-projekt.de\/wp-content\/uploads\/2024\/03\/T_logoPNGT_logo_rgb_p.png 840w\" sizes=\"auto, (max-width: 252px) 100vw, 252px\" \/><\/figure>\n<\/div>\n\n\n\n<div class=\"wp-block-column is-layout-flow wp-block-column-is-layout-flow\">\n<p class=\"has-large-font-size\">Deutsche Telekom AG<\/p>\n\n\n\n<p class=\"has-small-font-size\">Die Deutsche Telekom geh\u00f6rt mit rund 252 Millionen Mobilfunk-Kundinnen und Kunden, 25 Millionen Festnetz- und 22 Millionen Breitband-Anschl\u00fcssen zu den f\u00fchrenden integrierten Telekommunikations-Unternehmen weltweit. Wir bieten Produkte und Dienstleistungen aus den Bereichen Festnetz\/Breitband, Mobilfunk, Internet und Internet-TV f\u00fcr Privatkundinnen und -kunden sowie L\u00f6sungen der Informations- und Kommunikationstechnik f\u00fcr Gro\u00df- und Gesch\u00e4ftskundinnen und -kunden. Die Deutsche Telekom ist in mehr als 50 L\u00e4ndern vertreten. Im Gesch\u00e4ftsjahr 2023 haben wir mit weltweit 199.652&nbsp;Mitarbeitenden (31.12.2023) einen Umsatz von 112 Milliarden Euro erwirtschaftet.<\/p>\n<\/div>\n<\/div>\n","protected":false},"excerpt":{"rendered":"<p>Volkswagen Konzernlogistik GmbH &amp; Co. OHG Die Logistik des Volkswagen Konzerns steuert ein Netzwerk von zehn starken, eigenst\u00e4ndigen Kernmarken, 114 Produktionsst\u00e4tten und mehr als 300 Modelle \u2013 von verbrauchsg\u00fcnstigen Kleinwagen und effizienten Elektro-Automobilen bis hin zu Fahrzeugen der Luxusklasse. Im Bereich der Nutzfahrzeuge umfasst die Palette sowohl Pick-up-Fahrzeuge als auch Busse und schwere Lastkraftwagen.\u00a0Die Volkswagen [&hellip;]<\/p>\n","protected":false},"author":2,"featured_media":0,"parent":0,"menu_order":0,"comment_status":"closed","ping_status":"closed","template":"","meta":{"footnotes":""},"class_list":["post-210","page","type-page","status-publish","hentry"],"_links":{"self":[{"href":"https:\/\/www.autolog-projekt.de\/index.php\/wp-json\/wp\/v2\/pages\/210","targetHints":{"allow":["GET"]}}],"collection":[{"href":"https:\/\/www.autolog-projekt.de\/index.php\/wp-json\/wp\/v2\/pages"}],"about":[{"href":"https:\/\/www.autolog-projekt.de\/index.php\/wp-json\/wp\/v2\/types\/page"}],"author":[{"embeddable":true,"href":"https:\/\/www.autolog-projekt.de\/index.php\/wp-json\/wp\/v2\/users\/2"}],"replies":[{"embeddable":true,"href":"https:\/\/www.autolog-projekt.de\/index.php\/wp-json\/wp\/v2\/comments?post=210"}],"version-history":[{"count":9,"href":"https:\/\/www.autolog-projekt.de\/index.php\/wp-json\/wp\/v2\/pages\/210\/revisions"}],"predecessor-version":[{"id":396,"href":"https:\/\/www.autolog-projekt.de\/index.php\/wp-json\/wp\/v2\/pages\/210\/revisions\/396"}],"wp:attachment":[{"href":"https:\/\/www.autolog-projekt.de\/index.php\/wp-json\/wp\/v2\/media?parent=210"}],"curies":[{"name":"wp","href":"https:\/\/api.w.org\/{rel}","templated":true}]}}